{"id":47,"date":"2023-02-08T10:13:34","date_gmt":"2023-02-08T10:13:34","guid":{"rendered":"http:\/\/thai-tavolata.ch\/?page_id=47"},"modified":"2025-06-06T14:38:58","modified_gmt":"2025-06-06T14:38:58","slug":"menu-aroi","status":"publish","type":"page","link":"https:\/\/thai-tavolata.ch\/","title":{"rendered":"Home"},"content":{"rendered":"\n<p class=\"has-text-align-center\">Unsere n\u00e4chste Tavolata:<br><strong>20. Juni 2025, 18:00 Uhr<\/strong><br>T\u00f6pferatelier &#8222;Alti Post&#8220; in Arni AG<\/p>\n\n\n\n<p class=\"has-text-align-center\">Private Veranstaltung f\u00fcr geladene G\u00e4ste.<\/p>\n\n\n\n<hr class=\"wp-block-separator has-alpha-channel-opacity is-style-default\"\/>\n\n\n\n<p class=\"has-text-align-center has-large-font-size\"><em><strong>Thai Apero <\/strong><\/em><br><em><strong>&#8222;Ladies Night&#8220;<\/strong><\/em><\/p>\n\n\n\n<p class=\"has-text-align-center\">Auswahl verschiedener frischer H\u00e4ppchen aus der asiatischen K\u00fcche:<\/p>\n\n\n\n<p class=\"has-text-align-center\"><strong>\u0e2d\u0e32\u0e2b\u0e32\u0e23\u0e01\u0e34\u0e19\u0e40\u0e25\u0e48\u0e19<\/strong><br><em>Gr\u00fcsschen aus der K\u00fcche<\/em><\/p>\n\n\n\n<p class=\"has-text-align-center\"><strong>\u0e1b\u0e2d\u0e40\u0e1b\u0e35\u0e4a\u0e22\u0e30\u0e41\u0e15\u0e01\u0e15\u0e48\u0e32\u0e07<\/strong><br><em>Verschiedene frische Fr\u00fchlingsrollen<\/em><\/p>\n\n\n\n<p class=\"has-text-align-center\"><strong>\u0e44\u0e01\u0e48\u0e16\u0e38\u0e07<\/strong><br><em>Gebratene Teigtaschen mit Pouletf\u00fcllung<\/em><\/p>\n\n\n\n<p class=\"has-text-align-center\"><strong>\u0e40\u0e01\u0e35\u0e4a\u0e22\u0e27\u0e0b\u0e48\u0e32\u0e40\u0e19\u0e37\u0e49\u0e2d<\/strong><br><em>Gioza mit Rindfleischf\u00fcllung<\/em><\/p>\n\n\n\n<p class=\"has-text-align-center\"><strong>\u0e02\u0e19\u0e21\u0e2b\u0e27\u0e32\u0e19<\/strong><br>Dessert<\/p>\n\n\n\n<p class=\"has-text-align-center has-small-font-size\">(\u00c4nderungen vorbehalten)<\/p>\n\n\n\n<p class=\"has-text-align-center\">CHF 29.-<\/p>\n\n\n\n<hr class=\"wp-block-separator has-alpha-channel-opacity\"\/>\n\n\n\n<p class=\"has-text-align-center\">Dazu wird Petra vom T\u00f6pferatelier coole Drinks servieren. (Individueller Kostenbeitrag in ein K\u00e4sseli.)<\/p>\n\n\n\n<p><\/p>\n","protected":false},"excerpt":{"rendered":"<p>Unsere n\u00e4chste Tavolata:20. Juni 2025, 18:00 UhrT\u00f6pferatelier &#8222;Alti Post&#8220; in Arni AG Private Veranstaltung f\u00fcr geladene G\u00e4ste. Thai Apero &#8222;Ladies Night&#8220; Auswahl verschiedener frischer H\u00e4ppchen aus der asiatischen K\u00fcche: \u0e2d\u0e32\u0e2b\u0e32\u0e23\u0e01\u0e34\u0e19\u0e40\u0e25\u0e48\u0e19Gr\u00fcsschen aus der K\u00fcche \u0e1b\u0e2d\u0e40\u0e1b\u0e35\u0e4a\u0e22\u0e30\u0e41\u0e15\u0e01\u0e15\u0e48\u0e32\u0e07Verschiedene frische Fr\u00fchlingsrollen \u0e44\u0e01\u0e48\u0e16\u0e38\u0e07Gebratene Teigtaschen mit Pouletf\u00fcllung \u0e40\u0e01\u0e35\u0e4a\u0e22\u0e27\u0e0b\u0e48\u0e32\u0e40\u0e19\u0e37\u0e49\u0e2dGioza mit Rindfleischf\u00fcllung \u0e02\u0e19\u0e21\u0e2b\u0e27\u0e32\u0e19Dessert (\u00c4nderungen vorbehalten) CHF 29.- Dazu wird Petra vom T\u00f6pferatelier coole Drinks servieren. (Individueller Kostenbeitrag in ein [&hellip;]<\/p>\n","protected":false},"author":1,"featured_media":0,"parent":0,"menu_order":0,"comment_status":"closed","ping_status":"closed","template":"","meta":{"footnotes":""},"class_list":["post-47","page","type-page","status-publish","hentry"],"_links":{"self":[{"href":"https:\/\/thai-tavolata.ch\/index.php?rest_route=\/wp\/v2\/pages\/47","targetHints":{"allow":["GET"]}}],"collection":[{"href":"https:\/\/thai-tavolata.ch\/index.php?rest_route=\/wp\/v2\/pages"}],"about":[{"href":"https:\/\/thai-tavolata.ch\/index.php?rest_route=\/wp\/v2\/types\/page"}],"author":[{"embeddable":true,"href":"https:\/\/thai-tavolata.ch\/index.php?rest_route=\/wp\/v2\/users\/1"}],"replies":[{"embeddable":true,"href":"https:\/\/thai-tavolata.ch\/index.php?rest_route=%2Fwp%2Fv2%2Fcomments&post=47"}],"version-history":[{"count":24,"href":"https:\/\/thai-tavolata.ch\/index.php?rest_route=\/wp\/v2\/pages\/47\/revisions"}],"predecessor-version":[{"id":97,"href":"https:\/\/thai-tavolata.ch\/index.php?rest_route=\/wp\/v2\/pages\/47\/revisions\/97"}],"wp:attachment":[{"href":"https:\/\/thai-tavolata.ch\/index.php?rest_route=%2Fwp%2Fv2%2Fmedia&parent=47"}],"curies":[{"name":"wp","href":"https:\/\/api.w.org\/{rel}","templated":true}]}}